18/u*(-30)/90.
5
Let w(i) be the third derivative of i**4/6 + 76*i**3/3 - 201*i**2. What is the remainder when 7 is divided by w(-37)?
3
Suppose 0 = -t + 39*f - 37*f - 4, 2*t + 2*f - 4 = 0. Suppose 0*a + 14*a - 532 = t. What is the remainder when a is divided by 9?
2
Calculate the remainder when 16293 is divided by 20 + ((-399)/19 - -9).
5
Suppose -2*k = -k - 29. Suppose -c + 2*i + 92 = 0, -i - 492 + 503 = 0. Calculate the remainder when c is divided by k.
27
Suppose 18*q - 117 = -2*m + 19*q, 2*m - 127 = 3*q. Calculate the remainder when m is divided by 41.
15
Let n(f) = -28*f - 14. Let b be n(-3). Suppose -7*c = 7*c + b. What is the remainder when 21 + (-4)/(-2) + c is divided by 5?
3
Suppose -68 = -14*g - 12. Suppose -g*u = -2*u - 134. Calculate the remainder when 262 is divided by u.
61
Let n = -21736 - -23587. What is the remainder when n is divided by 609?
24
Let x = -5929 - -6226. Calculate the remainder when x is divided by 28.
17
Let q be 1*(-102)/27 + (-4)/18. Let o be 6 + (-20)/q + 1/1. Suppose s = -o + 74. What is the remainder when s is divided by 16?
14
Suppose 0 = 47*b - 69*b + 48*b - 3406. What is the remainder when 768 is divided by b?
113
Suppose 1 = -u + 3*t - 6*t, 4*t + 52 = 5*u. Suppose -w = 4*j - 341, 8*w = -343*j + 341*j + 178. Calculate the remainder when j is divided by u.
5
Calculate the remainder when (-19)/57*786/8*(-28 + 4) is divided by 285.
216
Let s(k) = -124*k - 81. Let o be s(3). Let t = o - -482. Calculate the remainder when t is divided by 9 + 1*(-1 + 2).
9
Suppose 12 = -3*g, 5*g - 718 = -2*w - 590. What is the remainder when w is divided by 17?
6
Let q(z) = -54*z**2 - 758*z + 2. Let s(p) = -p + 1. Let k be s(1). Suppose -2*n + 172 = -k*n. Calculate the remainder when n is divided by q(-14).
26
Let f be 9/(-63) - 1*(-192)/21. Suppose f*g - 651 = -12*g. What is the remainder when g is divided by 6?
1
Let i = 390 - 370. Let g(m) = -7*m + 175. Calculate the remainder when 313 is divided by g(i).
33
Suppose 4*f - 3*d = 165, -4*f - d + 171 = -6*d. Suppose 0 = -2*k, -a + 1 + 310 = -2*k. Let t = a - 291. What is the remainder when f is divided by t?
19
Suppose 2*w = c + 264, 27*c = -5*w + 29*c + 658. What is the remainder when w is divided by 3/(-2) + 138/4?
31
Calculate the remainder when (129/((-21930)/8908))/(8/10 + -1) is divided by 48.
22
Suppose 0 = 3*j + 5*y + 2877, -2*j - 6*y + y = 1923. Let k = 957 + j. What is the remainder when 36 is divided by k?
0
Suppose -18*x + 2148 = -15*x. Suppose -x*o + 719*o - 33 = 0. Let d = -24 - -56. Calculate the remainder when d is divided by o.
10
Let t = -86 + 153. Suppose -123 = -3*r - 3*n - 0*n, 5*r = 4*n + 187. Let i = t - r. What is the remainder when 72 is divided by i?
16
Let b(d) = 3*d**2 - 2301*d + 11495. Let k = 93 - 56. What is the remainder when b(5) is divided by k?
28
Let g(h) = -h**2 - 10*h - 15. Let z be g(-5). Let q(r) = -r**2 + 16*r - 28. What is the remainder when q(z) is divided by 12?
8
What is the remainder when 9107 is divided by (-18)/(-261) - 1585/(-145)?
10
Suppose w + 3*t - 71 = 0, 17*t - 19*t = -4*w + 270. Let j(a) = a + 10. Let p be j(-8). Suppose p*v - 46 = 24. Calculate the remainder when w is divided by v.
33
Let w = -15289 - -15695. What is the remainder when w is divided by 141?
124
Suppose -3*l = l - 84. Calculate the remainder when l is divided by ((-22)/4)/(3/6*(-5 - -4)).
10
Calculate the remainder when 361 is divided by (-2)/((-2)/12 - (-115)/897).
49
Suppose -2*u - 2*m = -2084, -3*u + 4*m + 2241 = -878. What is the remainder when u is divided by 103?
11
Let p(x) be the third derivative of -x**4/4 - 5*x**3/6 - 12*x**2. Suppose -h + 3*q + 49 = 0, -3*q = -7 - 2. Calculate the remainder when h is divided by p(-6).
27
Suppose 0 = -6*w + 9*w - 171. Let d = w + -18. Let f = -32 + 43. What is the remainder when d is divided by f?
6
Suppose -2*i + 2133 = x, 5*x - 42*i - 10665 = -45*i. Calculate the remainder when x is divided by 22.
21
Suppose 125*k + 696 = 133*k. Suppose 0 = -4*f - 23 + k. Calculate the remainder when 268 is divided by f.
12
What is the remainder when 1202 is divided by (-210)/(-420) + 1322/4?
209
Suppose -84 = -4*z + 8. Let b = -240 + 141. Let l = -87 - b. Calculate the remainder when z is divided by l.
11
What is the remainder when 759 is divided by ((-2352)/(-14))/12 + -10?
3
Calculate the remainder when 409 is divided by ((-1017)/117 - -9)*169.
45
Let p = 8398 - 8362. Calculate the remainder when 5757 is divided by p.
33
What is the remainder when 1453 is divided by -14*(-22 - (-16 - -28))?
25
Let w(g) = -2 - 4 + 3 - 14*g + 71*g**2 + 2 + 16. Calculate the remainder when 1725 is divided by w(1).
69
Suppose -4*g - 148 = 2*x - 7*x, 5*x - 146 = 3*g. Let f = 302 + 81. Let a = -368 + f. Calculate the remainder when x is divided by a.
13
Let g = 868 + -244. Calculate the remainder when g is divided by 273.
78
What is the remainder when (-7 - -2) + 2 + 48 is divided by (-146)/(-365) + 158/5?
13
Let b(g) be the first derivative of g**4/4 + 6*g**3 + 5*g**2 + 100*g - 87. What is the remainder when b(-17) is divided by 56?
51
Let a = 10449 + -9652. What is the remainder when a is divided by 340?
117
Let n = -69652 + 69668. Let v(u) = u**2 - 8. Calculate the remainder when v(7) is divided by n.
9
Suppose -4 - 6 = 5*g. Let h(a) = -a**3 + 19*a**2 + 669*a - 86. Calculate the remainder when (-3)/4*32*g is divided by h(37).
23
Let c(n) = 1548*n + 687. Calculate the remainder when c(5) is divided by 28.
27
Calculate the remainder when 9 + (-546)/65 - 867/(-5) is divided by 35.
34
Let i = -42 - -46. Let c(x) = 2*x**2 - 8*x + 14. Calculate the remainder when (-1)/(1/(-32)) - i is divided by c(2).
4
Let b = -799 - -955. Let l = -55 + b. What is the remainder when 190 is divided by l?
89
Let i(o) = -59*o + 6. Let a be i(4). Let n = a + 253. What is the remainder when n is divided by 19?
4
What is the remainder when 49648/(-64)*(1 - -1)*(1 - 3) is divided by 63?
16
Let y(s) = 0*s**3 + 20*s**2 + 4*s**3 - 10 - 5*s - 26*s**2 - 3*s**3. Let h be -1 - -11 - (77/(-11) - -10). Calculate the remainder when 10 is divided by y(h).
2
Suppose -3*y - v = 2*y - 662, -3*y + 3*v = -390. Let x be (-2 - -4) + (-4 - -14). Suppose 204 = x*a - y. What is the remainder when a is divided by 8?
4
Suppose 19 = r - 4*h, 6*r + 3*h = r + 49. Let d = -8 - -12. Suppose 5*k - d = -x + 11, -4*x + 117 = k. Calculate the remainder when x is divided by r.
8
Suppose 9*n - 57 = 28*n. Let a(m) = -15*m - 41. Calculate the remainder when 13 is divided by a(n).
1
Let w = 21548 + -21394. Calculate the remainder when w is divided by 60.
34
Let s = -1716 - -1765. Calculate the remainder when s is divided by 18.
13
Suppose 314 + 38 = 11*h. Calculate the remainder when h is divided by (-3*12)/(-4) + -3.
2
Let y(k) = 2*k**2 + 7*k - 11. What is the remainder when ((-1)/3)/((-2)/906) is divided by y(-7)?
37
Suppose -133 = 2*j + 5*l, 4*j - j = -5*l - 192. Let t = -19 - j. Calculate the remainder when 157 is divided by t.
37
Suppose 60*i + 11343 - 45676 = 41567. Calculate the remainder when i is divided by 60.
5
What is the remainder when (-628)/(-4)*27 + 285/(-57) is divided by 35?
34
Let d = -1578 - -1663. What is the remainder when 190 is divided by d?
20
Let a = -3683 + 4372. What is the remainder when a is divided by 10?
9
Suppose -4*y = -5*z + 22, 2*y = z - 3*y - 17. Let c(u) = -4*u - 3 + 6 + 10*u + z*u. Calculate the remainder when c(3) is divided by 10.
7
Let f = 12165 + -11366. What is the remainder when f is divided by 99?
7
Calculate the remainder when 978 is divided by (-24 + (-32)/8 - -4)*(-9)/24.
6
Let c(k) = -2*k**2 + 19*k + 27. Let u be c(11). Calculate the remainder when u/(-14) + (-965)/(-35) is divided by 17.
11
Suppose 0 = -a + 7*n - 5 + 75, 4*a + 2*n = 430. Let j(i) = -i + 2. Let l be j(2). Suppose l = 3*w + w - 108. What is the remainder when a is divided by w?
24
Let u = -20926 - -21111. What is the remainder when 559 is divided by u?
4
Suppose 18*q - 64*q + 180 = -28*q. Let k(m) = 28*m. Calculate the remainder when k(2) is divided by q.
6
Suppose 0 = 2*x + 2*x + 24. Let o(r) = -56*r - 182. Calculate the remainder when o(x) is divided by 27.
19
Let b = 118 - 94. Let r(j) = 5*j**2 - 5*j + 4. What is the remainder when b is divided by r(2)?
10
Suppose 7*z + 7 = -28. What 